175 = 0, -q + 3*p + 2*p = 443. Let c = q - -615. Calculate the highest common factor of c and 26.
26
Suppose c + 91 = 5*g, -2*g - 36*c + 26 = -39*c. Let s = 23 - -15. Calculate the greatest common factor of g and s.
19
Let i(h) = 35*h**2 + 68*h + 378. Let n be i(-18). Calculate the highest common divisor of n and 132.
66
Let y be (4 + -1)*3/((-126)/(-56)). Suppose -2*m = 8, y*m - 48 = -2*i - 4. What is the highest common factor of 12 and i?
6
Let t = 122968 - 122909. Let h be (2/(-2) - 0)*-177. What is the highest common factor of h and t?
59
Suppose -2*z - 1 + 8 = c, -3*z + 21 = 5*c. Suppose 5*f + 387 = 5*v - 338, z*f = 3*v - 430. Calculate the greatest common divisor of v and 28.
28
Let t be (-102 - (0 - -3))*-1. Suppose 3*r - 6*r + h = -t, 27 = r - 3*h. Let c = r - 19. What is the highest common factor of 34 and c?
17
Let u be 45/(-6)*(-178)/(-267)*-4368. Calculate the highest common divisor of u and 240.
240
Suppose 22*g - 1380 = 2*g. Suppose g + 471 = 10*x. What is the highest common factor of x and 45?
9
Let h(z) = -z**3 - 6*z**2 + 7*z + 19. Let q be h(-6). Let r(m) = m + 104. Let n be r(q). Calculate the greatest common factor of n and 9.
9
Let i be ((-204)/(-18))/(2/75). Suppose 3*m + 293 - i = 0. What is the greatest common factor of m and 12?
4
Suppose 2190 = -p + 4*p - 3*m, 2*p - m - 1459 = 0. Calculate the greatest common factor of 945 and p.
27
Let n be (264/198*(-30)/4)/((-5)/40). What is the greatest common divisor of n and 4592?
16
Let t be (152 + 228/19)*258/12. Calculate the greatest common factor of t and 43.
43
Let q(l) be the first derivative of -5*l**2 - 8*l - 16. Let x be q(6). Let i = x + 76. Calculate the greatest common divisor of 128 and i.
8
Let p(y) = 2*y**2 - 175*y + 4650. Let q be p(56). What is the greatest common divisor of q and 88?
22
Let g be 203/(-29)*(-2)/7. Let p = g - -34. What is the greatest common divisor of p and 108?
36
Let l be (14/7)/(-2 - 0). Let y be 2/(2 + l)*(-34 - -39). Calculate the highest common factor of y and 160.
10
Suppose -3*m - 7 = -2*j, -5*j + 5*m = 3*m + 10. Let q be ((-6)/j)/(-7 - (-1016)/144). Suppose 14*f - 29 = q. What is the greatest common divisor of 4 and f?
4
Suppose 3*z + 702 = -5*c, -2*c - 281 = 3*z - 2*z. Let r = -89 - c. Let i be ((-6)/8 + 1)/(1179/61308). What is the highest common factor of i and r?
13
Suppose 4*m = 7*w + 840, 0 = -16*m + 20*m - 4*w - 828. Calculate the highest common divisor of m and 14.
7
Let g be 0 + 1344/20 - 1/5. Let z = g + -69. Let y be z/(-20)*2 + (-24)/(-5). Calculate the highest common divisor of 40 and y.
5
Let r = 3261 + -3057. Calculate the greatest common factor of 36 and r.
12
Let t(a) = -2*a**3 - 14*a**2 - a - 7. Let n be t(-7). Suppose 6*s - 18 + n = 0. Suppose 174 = s*v - 36. Calculate the highest common divisor of 14 and v.
14
Let t(i) = i**3 + 6*i**2 + 11*i + 22. Let w(x) = -x**2 + 17*x - 64. Let j be w(12). Let q be t(j). Calculate the highest common divisor of 95 and q.
5
Let z be (2/(-8)*-2)/(6/(-96)). Let k(l) = -19*l - 142. Let f be k(z). What is the highest common divisor of 730 and f?
10
Let b be 7/((-3)/(-14)*(-287)/(-492)). Let i(c) = -3*c + 7. Let d be i(3). Let r be (15 - -1) + (d - -2). Calculate the greatest common divisor of b and r.
8
Let k be (3/(-9))/(3/(-270)). Let o(q) be the first derivative of 6*q**3 + 3*q**2 + 6*q + 8. Let v be o(-3). What is the greatest common divisor of k and v?
30
Suppose -36*r - 15*r + 1225 = -917. Let q = 13 - 1. Calculate the highest common divisor of r and q.
6
Suppose 0 = 31*h - 37*h + 180. Let k be -5 + 3 - -5 - 9. Let i(y) = y**3 + 8*y**2 + 6*y - 6. Let x be i(k). What is the greatest common factor of x and h?
30
Let y(m) = m**2 - m + 19. Let a be y(6). Let n = a - 36. Let g be (-1720)/(-12) + (-1)/3. What is the greatest common factor of g and n?
13
Let t = -451 + 502. Let q be 17/t - (-946)/6 - 6. Calculate the greatest common divisor of 95 and q.
19
Let m be (7 - (-186)/(-30))/(28/129430). Calculate the highest common divisor of m and 43.
43
Suppose 4*o = 454 + 310. Suppose 169 = 6*f - o. What is the greatest common factor of f and 30?
30
Suppose 68*p = 214*p - 817308. What is the greatest common factor of 108 and p?
18
Suppose -21*y + 859 - 418 = 0. What is the greatest common divisor of y and 96?
3
Let v be (-8)/4*(-1)/2. Let y(x) = 13*x. Let g be y(v). Let r(n) = 15*n - 25. Let b be r(g). What is the greatest common factor of 34 and b?
34
Let l = -339350 - -339364. Suppose -454 = -2*r + 2*o, -79 = -5*r - 4*o + 1029. What is the greatest common divisor of r and l?
14
Let i = -679 + 737. Suppose -i*q = -65*q + 875. What is the greatest common factor of 25 and q?
25
Let o be (-181 - -186)*306/15. Let n be -2*(-7)/2 - 1. Calculate the highest common factor of n and o.
6
Let b = -1775 - -3031. What is the highest common factor of b and 16?
8
Suppose 3*a - 655 = -2*b, a + b = 4*b + 222. Let c = -189 + a. What is the highest common divisor of c and 480?
30
Suppose 25*x = -12*x + 74. Suppose -3*h + 6 + 0 = 0. Suppose -2*r + 32 = h*r. Calculate the highest common divisor of r and x.
2
Let q(i) = -36*i. Let n be q(-2). Let p = -157 + 281. Let w = -16 + p. Calculate the highest common divisor of w and n.
36
Let d be ((-9)/36 - (-19)/(-4)) + 24. Let c(y) = 3*y**2 - 55*y - 8. Let q be c(d). What is the greatest common divisor of q and 105?
15
Let g(v) = -v**3 + v**2 + v. Let a(r) = -4*r**3 - 4*r**2 - 27*r - 5. Let s(q) = a(q) - 5*g(q). Let u be s(12). What is the highest common factor of u and 86?
43
Let s = 3132 + -3127. Calculate the greatest common factor of 3230 and s.
5
Suppose -8*w + 624 = -4*w. Let g be (-1 + w/9)*3. Let a = -47 + g. Calculate the highest common factor of a and 8.
2
Let l(v) = -16*v**2 - 14*v + 28. Let s(z) = -15*z**2 - 13*z + 24. Let o(t) = 4*l(t) - 5*s(t). Let i be o(3). What is the highest common factor of i and 531?
59
Suppose 0 = 6*v + 63*a - 59*a - 2676, 27 = 3*a. Let q be (6/(-5))/(6/(-200)). What is the highest common factor of v and q?
40
Let n(c) = c**3 + 18*c**2 + 64*c + 905. Let b be n(-17). Calculate the highest common divisor of b and 38.
2
Let p be 630/4*(-12)/(-15). Let o = -17 + -27. Let i = o - -58. What is the greatest common divisor of p and i?
14
Let c(t) = -3*t**3 + 6*t**2 + t. Let v be c(-1). Suppose 0 = -3*f + f + 208. What is the highest common factor of v and f?
8
Let i be 4682/24 + 10/(-36)*(-267)/(-890). Let q(l) = 16*l**3 - 2*l**2 + l. Let x be q(1). Calculate the highest common divisor of i and x.
15
Let l(b) = 157*b - 4644. Let o be l(30). Calculate the highest common divisor of 814 and o.
22
Let b = 260 - 343. Let u = b - -209. Suppose 5*g = 22 + 48. Calculate the highest common factor of g and u.
14
Let c be 22 + (2/10 + (-28)/(-210))*-3. Let g be 12/(-30) - 144/(-10). Calculate the highest common factor of g and c.
7
Let x(k) = -3*k**3 - 108*k**2 - 21*k + 213. Let a be x(-36). Calculate the highest common factor of a and 153.
51
Let n = 9414 - 9259. Suppose 5*z - 2*z = 12. Let k be ((-372)/9)/(z/(-6)). What is the greatest common divisor of n and k?
31
Let z = 28995 - 28911. Calculate the greatest common factor of z and 2982.
42
Let t = -1196 - -631. Let k = t + 583. What is the highest common factor of 168 and k?
6
Suppose 0 = -2*q - d - 22, d + 28 - 76 = 5*q. Let v be q/20 - (-18)/4. Let p be -132*(20/8 - v). What is the highest common divisor of p and 18?
18
Let m(d) = 204*d**3 - 3*d**2 + 5*d - 7. Let k be m(2). Suppose -k*r + 1621*r = -220. Calculate the highest common divisor of 22 and r.
22
Let t = 310 - 311. Let h be (-1558)/246*(-11 + t). What is the greatest common factor of h and 8?
4
Let m = 29858 + -29843. Calculate the greatest common divisor of 915 and m.
15
Let o = -10 - -15. Suppose 4*f - 2 = o*f, 4*f - 76 = -2*m. Calculate the greatest common factor of 56 and m.
14
Let r be (104/(-78))/((-8)/(-6) - 1). Let w be (504 + 5 - r) + -2 + 7. What is the greatest common factor of 14 and w?
14
Let j = -140 - -142. Let z be 201 + (j/1)/(4/(-6)). Calculate the highest common factor of 132 and z.
66
Let g(p) = -2*p + 4. Let u be g(-3). Suppose -25 + u = -3*w. Suppose 10 = -j + 4*v + 36, 5*v + 130 = w*j. What is the greatest common divisor of j and 130?
26
Let f = 8845 - 8704. What is the highest common divisor of 658 and f